Let z be (36/(-15))/((-6)/80). Suppose 3*m - 3*h = 2*m + z, -3*m - h + 76 = 0. What are the prime factors of m?
2, 13
Let p(s) = -s + 2. Let v be (-6)/(-2)*4/(-6). Let w = 0 + v. What are the prime factors of p(w)?
2
Suppose 2 = -w + 4. Suppose 4*r + 58 = n, 0 = -w*n + 5*r + 138 - 34. What are the prime factors of n?
2, 3, 7
Let p(i) = 2*i**3 + 2*i**2 - 2*i + 5. What are the prime factors of p(4)?
157
Let u be ((-4)/(-12))/((-1)/9). Let p = u - -17. List the prime factors of p.
2, 7
Suppose 4*p + 0*p = 120. Let g be (4/5)/(4/p). Suppose -10 = 2*m + 4*o, -m + o + g = -4. List the prime factors of m.
5
Let h be (-1034)/(-8) + (-6)/(-8). Suppose 0 = 2*d + 3*d - h. What are the prime factors of d?
2, 13
Let b(d) = -2*d + 7. Let y be (-33)/5 + (-4)/10. List the prime factors of b(y).
3, 7
Suppose -5*v + 22 = 4*s - 2*v, -5*v = -3*s + 2. Let d(b) = b**3 - 4*b**2 + 4*b + 5. List the prime factors of d(s).
3, 7
Suppose -3*c = -5*h - 52, 4*c - 5*h - 51 = -2*h. What are the prime factors of c?
3
Let b = -7 - -7. Suppose b = -2*r + 5*r - 54. List the prime factors of r.
2, 3
Let x(i) = 2 + i - 3*i**2 + 1 - 4 + i**3. Let t(j) = -j**2 + 7*j - 3. Let s be t(6). List the prime factors of x(s).
2
Let h(o) = 7*o**3 - o. Suppose 0*q = -2*q - 2. Let u be h(q). Let w = -3 - u. What are the prime factors of w?
3
Let s(q) = q**3 - 7*q**2 - q + 10. Let c be s(7). Let g = 1 + c. List the prime factors of g.
2
Suppose 2*l - 42 = -5*k, 2*l = 3*k + 3*l - 26. What are the prime factors of ((-5)/k)/(2/(-92))?
23
Suppose -2*p - 17 = 7. Let u = 19 + p. List the prime factors of u.
7
Suppose -v + 50 = 4*v. Let u be 2/6*3 + v. Suppose z - u = 2*j - 4*j, j - 10 = -z. List the prime factors of z.
3
Suppose -5*c = -2*x - 312, x = -c + 2*x + 63. Suppose 0 = 4*w + 2*t - 4 - c, 5*w = 2*t + 69. List the prime factors of w.
3, 5
Let i be (0 - 1) + 115/5. List the prime factors of (i/(-4))/((-1)/2).
11
Suppose n - 6*n = 2*l - 234, -5*n - 4*l + 238 = 0. What are the prime factors of n?
2, 23
Let x = -43 - -98. List the prime factors of x.
5, 11
Suppose -20*w + 17*w = -129. What are the prime factors of w?
43
Let k = 442 - 255. List the prime factors of k.
11, 17
What are the prime factors of 19*1 + (-88)/(-22)?
23
List the prime factors of 12 - (6/(-27) - 100/36).
3, 5
Suppose -5*m = -2*i + 56 - 5, i - 3*m - 28 = 0. List the prime factors of (-1288)/(-91) - 2/i.
2, 7
Let o(c) = -c**3 - 12*c**2 + 10*c - 2. List the prime factors of o(-13).
37
List the prime factors of 64/5*180/18.
2
Suppose -175 = -3*s + 5*m, 28 = s - m - 29. What are the prime factors of s?
5, 11
Let d(a) = -a**3 + 4*a**2 + 2*a + 1. Let q(j) = j**3 + 8*j**2 - j - 4. Let p be q(-8). Let w be d(p). Suppose -2*h = w - 25. What are the prime factors of h?
2
Let z(q) = 7*q - 1. Let p be z(-2). Let v = p - -25. List the prime factors of v.
2, 5
Let u = -11 - -17. What are the prime factors of u?
2, 3
Suppose -2988 - 395 = -17*y. What are the prime factors of y?
199
Let n = -1 - -6. Let w(a) = a + 3. What are the prime factors of w(n)?
2
Suppose 21*v - 36 = 15*v. List the prime factors of v.
2, 3
Let y be 2/4*2*37. Suppose -5*w = -102 + y. List the prime factors of w.
13
Let l(p) = -4*p + 1. Let k be l(-1). Suppose 15 = 5*g, -k*a + 4*a - 15 = -5*g. Suppose a = -5*c + 4*c + 5. What are the prime factors of c?
5
Let d = -11 + 8. Let c = d + -1. What are the prime factors of (-4)/2*6/c?
3
Let v(m) = -m**2 - 6*m + 3. Let y be v(-6). Suppose y*z + 2*x - 47 = 0, 2*z + 78 = 6*z - 5*x. What are the prime factors of z?
17
Let f(l) = -3*l - 3. Let b be f(-3). Let k be (-2)/((b/(-9))/1). Suppose -c - k*z - z + 2 = 0, 5*c - 3*z = 33. List the prime factors of c.
2, 3
Suppose 3*x = -3*i - 15 - 9, i + 8 = -2*x. Let m(n) = -n - 1. Let j be m(i). Suppose 0*u - j = -u. What are the prime factors of u?
7
Let o = -1 - -1. Suppose 3*a - a - 20 = o. What are the prime factors of a?
2, 5
Let l = 4 + 4. What are the prime factors of l?
2
Suppose 7*b = -u + 5*b - 2, u - 2 = -4*b. Let x(v) = -v**3 + 15*v**2 - 25*v. Let t be x(13). Let s = u + t. List the prime factors of s.
7
Let o(m) = -m**2 + 6*m + 1. Let i be o(5). Let g be 17/(i/3 - 1). Let s = g - 6. List the prime factors of s.
11
Suppose -2*b + 4 = -6, g - 3*b + 7 = 0. Suppose -u + 3*w = -g, -5*u + 0*w = -5*w - 80. Suppose n - u = -n. List the prime factors of n.
2, 5
Let k(x) = 11*x - 5. Let q(r) = r + 9. Let l be q(-6). List the prime factors of k(l).
2, 7
List the prime factors of (9233/35 - -7) + (-1)/(-5).
271
Suppose -r = 4*o - 51, -2*r - 2*o + 148 = 2*r. List the prime factors of r.
5, 7
Let z be (-1096)/(-12) + 1/(-3). Suppose 71 = -3*a + 7*a + t, -4*a + z = -3*t. Suppose -3*s + a = -20. List the prime factors of s.
13
Let g(m) = -m + 12. Let b be g(14). Let p(n) = 7*n**2 + 2*n + 1. What are the prime factors of p(b)?
5
Suppose 0 = -n + 2*z - 1, 2*n - 12 = -z - 2*z. Let u = 7 - n. Suppose -u*k = 2*h - 34, -4*h + k = 9 - 50. What are the prime factors of h?
11
Let u = -21 - 14. List the prime factors of 4/1 + (-2 - u).
37
Let r be 38/(-4) - (-2)/(-4). Let j = 0 - r. What are the prime factors of j?
2, 5
Suppose -5*v = -2*v - 6. Suppose -t + 4 + 0 = -v*y, -t = -3*y - 4. List the prime factors of t.
2
Let i be -14*(22/4 + -3). Let k = i - -91. What are the prime factors of k?
2, 7
Suppose 0*z + 5*z = 3*p - 41, 4*z = -4*p - 20. Let n be ((-50)/40)/((-2)/(-8)). Let l = n - z. What are the prime factors of l?
2
Suppose 0 = 3*y + 15, 5*m - 245 = -3*y + 2*y. Let s(f) = 3*f. Let w be s(1). Suppose -m = -8*n + w*n. What are the prime factors of n?
2, 5
Suppose -f - f + 26 = 0. List the prime factors of f.
13
Let c = -51 + 76. List the prime factors of c.
5
Suppose 4*w + 13 - 1 = 3*l, -w = 4*l + 22. Let r = w + 8. Suppose c - 16 = -4*m, 2*m + r*c - 11 = -3. List the prime factors of m.
2
Let g(v) = -3 + 2*v + 8*v - v**2 - 2. Suppose 3*f - o + 21 = 6*f, -5*o = 0. List the prime factors of g(f).
2
Let m be (-5)/(-5)*(-2)/2. List the prime factors of (18/(-1))/(m*2).
3
Suppose 0 = -2*n + 2*u + 552, 0*n + 4*u - 558 = -2*n. List the prime factors of n.
277
Suppose -2*v - 59 = 3*a - 0*a, 0 = 2*a + 5*v + 21. Let c = a + 35. What are the prime factors of c?
2, 3
Let j be (-4)/10 + 8/20. Suppose 3*z = -t + 10, j*t = 4*z - 4*t - 24. Suppose z*g + 24 = 8*g. What are the prime factors of g?
2, 3
Let f be (54/12)/(1/2). Let m = 4 + f. List the prime factors of m.
13
Let z(q) = q**3 - q**2 + 2*q - 3. Let b be z(2). Suppose 2*s - r = s + 12, 0 = -3*s + b*r + 40. What are the prime factors of 3/5 - (-14)/s?
2
Suppose 5*r + 15 = 5*q + 2*r, -2*q = 4*r + 20. Suppose 2*t + 10 = -q*t. Let j = t - -15. List the prime factors of j.
2, 5
Let p(d) = -d**2 + 3*d - 6. Let f(j) = 4*j**2 - 12*j + 25. Let w(z) = -2*f(z) - 9*p(z). Let u be w(4). What are the prime factors of 50/u - 2/8?
2, 3
Suppose o - 3*o = 0. Suppose o = -2*z + 27 + 7. List the prime factors of z.
17
Suppose 0*r + 8 = 2*r. Suppose 9 = -r*m + 33. Let l(a) = -a**2 + 10*a - 8. What are the prime factors of l(m)?
2
Let h(a) = 6*a**2 + a - 1. Let g(u) = -u. Let v(p) = -2*g(p) - h(p). Let c be v(-1). Let w(m) = -3*m - 9. What are the prime factors of w(c)?
3
Suppose -2*g - 2*g = -112. What are the prime factors of g?
2, 7
List the prime factors of 1/((-1)/(-1 - 52)).
53
Let w = 110 + -36. What are the prime factors of w?
2, 37
Suppose 2*y = 5*y - 105. List the prime factors of y.
5, 7
Let l(v) = v**2 - 4. Let i be l(0). Let m = i + 17. Suppose 5*w - m = 7. What are the prime factors of w?
2
Let a = -38 - -34. Let n(w) = 8*w + 13. Let f(j) = 3*j + 4. Let k(u) = -7*f(u) + 2*n(u). What are the prime factors of k(a)?
2, 3
What are the prime factors of 404/3*15/10?
2, 101
Let s = -227 - -122. List the prime factors of s*(30/(-9) - -3).
5, 7
Let k(o) = 46*o + 23. What are the prime factors of k(4)?
3, 23
Suppose 0*o - 5*o + 1634 = -4*r, -5*r = -2*o + 657. What are the prime factors of o?
2, 163
What are the prime factors of (-2 + -1)*8/(-8)?
3
Let d = 383 + -272. What are the prime factors of d?
3, 37
Let p = -110 - -155. What are the prime factors of p?
3, 5
What are the prime factors of 15/9*-2*-3?
2, 5
List the prime factors of 1/(-2) + 3/12*538.
2, 67
Suppose -4*c + 7*c = 108. Suppose -c = -4*z + z. What are the prime factors of z?
2, 3
Let n(u) = 10*u - 1. Sup